2609. Give k(44).
1151
Let m(v) = -3*v**3 - 91*v**2 - 134*v - 3146. Give m(-30).
-26
Let y(n) = 33229*n - 132920. What is y(4)?
-4
Let f(t) = t**3 + 613*t**2 + 118*t + 72325. Give f(-613).
-9
Let l(w) = 71*w**2 + 1785*w + 3588. Give l(-2).
302
Let n(t) = -8*t - 2808. Determine n(-351).
0
Let r(q) = -19860*q - 258021. Calculate r(-13).
159
Let o(n) = 49454*n + 395589. What is o(-8)?
-43
Let p(z) = -1259530*z - 18892942. Calculate p(-15).
8
Let d(u) = 3*u**2 - 33*u - 13205. Give d(72).
-29
Let z(o) = o**3 + 12*o**2 + 7033*o + 42043. What is z(-6)?
61
Let u(a) = -3*a**2 - 197742*a + 1186407. Give u(6).
-153
Let c(u) = -u**3 - u**2 + 689*u - 835. Calculate c(23).
2316
Let c(d) = -388*d - 61424. Determine c(-159).
268
Let s(w) = 926*w + 10138. What is s(-11)?
-48
Let x(u) = -4*u**3 - u**2 + 114*u - 65. Give x(5).
-20
Let j(n) = -n**3 - 68*n**2 - 189*n + 4176. Give j(-64).
-112
Let x(b) = -98307*b + 393219. What is x(4)?
-9
Let r(n) = 3*n**3 - 4*n**2 - n + 102. Determine r(6).
600
Let q(p) = -267*p**2 - 2948*p - 153. Determine q(-11).
-32
Let z(h) = -28439*h - 38705478. Give z(-1361).
1
Let l(h) = h**3 - 59*h**2 - 4545*h + 1511. What is l(103)?
172
Let b(g) = -6*g**3 + 35*g**2 - 380*g + 1782. Determine b(5).
7
Let g(r) = r - 184. What is g(-68)?
-252
Let b(n) = -654*n + 55647. What is b(86)?
-597
Let r(s) = 12061*s - 410068. Determine r(34).
6
Let y(i) = 6729*i**3 + i**2 + 24*i - 38. Determine y(0).
-38
Let l(u) = -82*u + 47497. Calculate l(579).
19
Let q(v) = -13*v**2 - 10857*v - 86001. Give q(-8).
23
Let o(t) = -48*t - 427. Calculate o(-13).
197
Let a(d) = -5*d**2 + 7378*d + 14759. Determine a(-2).
-17
Let y(v) = -9*v**2 - 13*v + 1780. What is y(-13)?
428
Let v(d) = d**2 - 95*d + 1909. Determine v(65).
-41
Let s(i) = 9*i**3 + i**2 - 14*i - 145. Give s(-6).
-1969
Let s(a) = -6*a**2 + 528*a + 529. Determine s(89).
-5
Let t(x) = 593*x - 5991. Determine t(10).
-61
Let x(z) = z**3 - 29*z**2 + 73*z + 27. Calculate x(26).
-103
Let t(d) = -18*d**3 - 4187*d**2 - 2553*d - 259. Determine t(-232).
-27
Let x(t) = -11735*t - 4001641. Calculate x(-341).
-6
Let h(g) = -g**3 - 15*g**2 - 160786*g - 2089891. Calculate h(-13).
-11
Let a(q) = -q**2 + 7563*q + 83314. Give a(-11).
0
Let o(v) = 1052*v**2 + 931*v - 932. Give o(1).
1051
Let l(y) = -y**2 - 20542*y + 3750866. Determine l(181).
3
Let o(g) = 50642*g + 506429. Calculate o(-10).
9
Let i(y) = y**2 + 1369*y + 69771. Determine i(-53).
23
Let p(b) = -3*b**2 - 5094*b - 519600. Give p(-109).
3
Let i(w) = -2974*w + 166521. What is i(56)?
-23
Let i(a) = -14*a**2 + 2595*a - 594. What is i(185)?
331
Let f(o) = -o**2 - 2856*o + 237899. Give f(81).
2
Let z(t) = 6*t**2 + 7888*t - 31669. Give z(4).
-21
Let w(t) = 5*t**2 + 281*t + 3018. Give w(-12).
366
Let t(s) = -2*s**2 + 333*s - 14816. Calculate t(80).
-976
Let z(v) = 5*v**3 - 18*v**2 + 93*v - 494. Calculate z(5).
146
Let j(s) = 911*s - 23247. Give j(23).
-2294
Let u(h) = 240*h - 420. Calculate u(-2).
-900
Let b(h) = 5*h**2 - 309*h - 122. What is b(-8)?
2670
Let w(b) = -4*b**2 + 6256*b - 6253. Give w(1563).
-1
Let f(s) = -s**3 + 266*s**2 - 1054*s + 2098. What is f(262)?
526
Let q(z) = 547*z - 8920. Give q(16).
-168
Let v(u) = 3*u**3 - 47*u**2 - 278*u + 4623. Determine v(15).
3
Let x(z) = -6*z**3 - 1752*z**2 - 14*z - 4086. Calculate x(-292).
2
Let l(w) = -9*w**2 - 2118*w + 3. What is l(0)?
3
Let s(g) = -5*g**2 - 946*g - 19941. Determine s(-165).
24
Let m(y) = y**3 + 13*y**2 - 126*y - 1021. What is m(-6)?
-13
Let z(l) = -72*l - 18178. Give z(-252).
-34
Let n(z) = 78*z - 1125. Determine n(-9).
-1827
Let d(n) = 8*n**3 + 61*n**2 + 4328*n + 34825. Determine d(-8).
9
Let s(l) = -315*l**2 + 5040*l - 3. Determine s(16).
-3
Let f(m) = 24900*m + 249003. What is f(-10)?
3
Let x(l) = 3*l**2 + 396*l - 39186. Determine x(66).
18
Let f(q) = 65*q**3 - 11*q**2 + 101*q - 92. Determine f(1).
63
Let y(n) = -87725*n - 877256. Calculate y(-10).
-6
Let c(t) = -48*t**3 + 55*t**2 - t - 23. What is c(-4)?
3933
Let h(m) = 14*m**2 - 1640*m - 241. Determine h(117).
-475
Let z(c) = -2*c**2 - 259*c + 1292. Determine z(0).
1292
Let o(l) = -136*l + 839. Determine o(8).
-249
Let g(i) = -10*i**2 - 76*i + 150. Calculate g(-10).
-90
Let z(n) = n**3 - 13*n**2 + 72*n - 829. Determine z(15).
701
Let r(q) = 536*q + 12572. What is r(-24)?
-292
Let w(f) = 2*f**3 + 84*f**2 + 165*f + 111. Determine w(-40).
-89
Let a(b) = -276976*b - 1938992. Determine a(-7).
-160
Let g(n) = -1865*n + 204943. What is g(110)?
-207
Let s(q) = 77*q**2 + 1618*q + 147. Calculate s(-21).
126
Let t(h) = -8395*h + 41986. What is t(5)?
11
Let b(x) = x**3 + 166*x**2 + 3014*x - 9429. Determine b(-24).
27
Let z(i) = -4072*i - 16272. Give z(-4).
16
Let i(a) = -11196*a**2 + 67154*a - 13. Give i(6).
-145
Let k(m) = 845*m**3 - 7*m + 9. Determine k(1).
847
Let v(m) = -3*m**2 + 912*m - 58614. Determine v(92).
-102
Let f(q) = -81716*q - 326865. What is f(-4)?
-1
Let t(f) = f**3 + 25*f**2 - 42*f - 230. Determine t(-26).
186
Let c(p) = 3*p**3 - p**2 + 31*p + 71. Determine c(-2).
-19
Let z(v) = -2*v**3 + 28*v**2 + 2637*v - 8091. What is z(3)?
18
Let w(x) = 2*x**3 + 40*x**2 + 730*x + 10411. Determine w(-17).
-265
Let v(y) = 138*y + 4611. Determine v(-29).
609
Let a(s) = 16751*s + 67281. Give a(-4).
277
Let v(p) = -p**2 + 999*p - 126656. Give v(149).
-6
Let x(l) = l**2 - 830031*l - 5810259. Give x(-7).
7
Let q(k) = -168*k**2 - 6047*k - 28. What is q(-36)?
-64
Let c(v) = -29*v**3 - 1013*v**2 + 587*v + 18090. What is c(-35)?
-5
Let y(x) = -2708*x - 29799. Determine y(-13).
5405
Let z(b) = -62515*b - 125032. Determine z(-2).
-2
Let v(z) = -z**2 + 470*z - 52048. Determine v(179).
41
Let u(b) = -2*b**3 - 483*b**2 + 1098*b - 29755. Determine u(-244).
13
Let h(g) = -g**3 - 68*g**2 + 62*g - 207. Give h(-69).
276
Let l(d) = 4*d**3 + 832*d**2 - 88*d - 18320. What is l(-208)?
-16
Let p(g) = 27293*g - 573161. What is p(21)?
-8
Let k(b) = 479*b + 4431. What is k(-12)?
-1317
Let o(q) = -541*q**2 + 171*q - 347. What is o(2)?
-2169
Let h(n) = -1043144*n + 4172562. What is h(4)?
-14
Let s(w) = 11529*w - 11060. Determine s(1).
469
Let v(i) = 105*i**3 - 371*i + 1517. Calculate v(4).
6753
Let m(n) = -15996*n + 47928. What is m(3)?
-60
Let i(q) = q**3 + 311*q**2 + 634*q + 4953. Give i(-309).
9
Let l(u) = 2898*u - 2776274. Determine l(958).
10
Let u(x) = -73*x**2 - 55188*x + 29. Give u(-756).
29
Let u(w) = 438*w + 3474. Calculate u(-8).
-30
Let u(f) = 59*f**2 + 234*f - 649. Determine u(9).
6236
Let x(c) = 312041*c - 4368568. Calculate x(14).
6
Let p(o) = 2*o**3 - 52*o**2 - 329*o + 478. Give p(31).
-111
Let g(f) = 8*f**3 + 3296*f**2 - 109*f - 45085. Calculate g(-412).
-177
Let y(i) = -11*i**2 + 244*i - 671. Calculate y(19).
-6
Let l(o) = 73*o**2 + 765*o + 1526. Give l(-2).
288
Let n(m) = m**3 - 100*m**2 - 1989*m - 43. Determine n(117).
-43
Let r(u) = 186*u**2 - 1694*u + 24. Determine r(9).
-156
Let y(z) = -z**3 + 79*z**2 + 117*z - 3069. Give y(80).
-109
Let f(m) = m**2 - 64771*m + 194309. Calculate f(3).
5
Let x(s) = -s**3 + 1538*s**2 + 50239*s - 20. Determine x(-32).
12
Let c(p) = -482*p**2 + 4310*p - 9536. Calculate c(4).
-8
Let o(r) = -4*r**3 + 13*r**2 + 194*r - 1924. Determine o(11).
-3541
Let f(b) = b**2 + 5551*b + 512978. Calculate f(-94).
20
Let p(a) = 3048*a + 97563. What is p(-32)?
27
Let v(f) = -f**3 + 17*f**2 + 76*f - 1038. Calculate v(18).
6
Let i(w) = -10185*w - 12407. Determine i(-1).
-2222
Let g(l) = l**3 + 116*l**2 + 1857*l + 1366. What is g(-97)?
8
Let m(t) = -t**3 - 36*t**2 - 137*t - 334. Give m(-32).
-46
Let p(g) = -7*g**2 - 148*g - 185. Give p(-2).
83
Let m(z) = -z**3 + 62*z**2 - 118*z + 3263. Calculate m(61).
-214
Let j(w) = w**3 - 191*w**2 + 240*w - 9889. Determine j(190).
-389
Let g(j) = 100*j**2 + 1247*j - 5009. Give g(4).
1579
Let z(o) = -o**2 - 278199*o + 556407. Determine z(2).
5
Let r(v) = 13*v**3 + 21*v**2 - 1272*v - 2538. What is r(-2)?
-14
Let w(p) = p**2 - 349*p + 17359. Give w(289).
19
Let o(a) = -19*a**3 - 151*a**2 + 2*a + 83. What is o(-8)?
131
Let r(b) = b**3 + 127*b**2 + 137*b + 1928. Calculate r(-126).
542
Let j(c) = 4373489*c - 21867449. Determine j(5).
-4
Let o(i) = -169*i - 5914. What is o(-28)?
-1182
Let d(p) = 23*p**3 + 233*p**2 + 31*p + 438. Calculate d(-10).
428
Let l(o) = o**3 + 21*o**2 + 33*o + 1398. Determine l(-21).
705
Let m(k) 